ulate the highest common divisor of 132720 and 22764.
84
Calculate the highest common divisor of 25 and 21053875.
25
Calculate the greatest common divisor of 2699984 and 1498.
14
Calculate the highest common divisor of 135588330 and 810.
810
Calculate the highest common factor of 540 and 34613676.
108
What is the greatest common divisor of 340768582 and 154?
154
What is the highest common divisor of 8165768 and 44?
4
Calculate the highest common divisor of 356 and 4367764.
356
Calculate the greatest common divisor of 4630113 and 225594.
1359
What is the highest common divisor of 29091540 and 780?
60
What is the greatest common factor of 2502 and 2016?
18
What is the greatest common divisor of 53 and 21914281?
53
Calculate the greatest common factor of 104719 and 10005.
667
Calculate the greatest common divisor of 251664 and 1153032.
2568
What is the greatest common divisor of 57652574 and 5404?
2702
What is the highest common factor of 2766202 and 2180?
218
Calculate the greatest common factor of 2138609 and 2033.
107
What is the highest common divisor of 15828 and 1268?
4
Calculate the greatest common divisor of 22251074 and 736.
46
What is the highest common factor of 504 and 28891176?
24
What is the greatest common factor of 101216311 and 49?
49
What is the highest common factor of 152648 and 9896?
8
What is the greatest common divisor of 114 and 1800787662?
114
Calculate the greatest common divisor of 45495901 and 22.
11
What is the highest common divisor of 158217 and 6141?
69
Calculate the greatest common divisor of 3078558 and 67734.
954
Calculate the highest common factor of 1348921803 and 786.
393
Calculate the greatest common divisor of 5037287 and 54128.
3383
Calculate the highest common factor of 1038325 and 44075.
1025
What is the greatest common factor of 1998 and 11415129?
111
What is the greatest common divisor of 6545 and 2845885?
595
Calculate the greatest common divisor of 1585240 and 16.
8
Calculate the greatest common factor of 227612 and 22814.
22
Calculate the greatest common divisor of 43944395 and 2425.
485
What is the greatest common factor of 192 and 772408?
8
Calculate the highest common divisor of 112343 and 6853.
77
What is the highest common divisor of 483 and 686259?
21
What is the greatest common divisor of 389168 and 4186?
26
Calculate the highest common factor of 26056654 and 26.
26
Calculate the greatest common factor of 11614570 and 10659.
187
What is the greatest common divisor of 240 and 22849980?
60
Calculate the greatest common divisor of 2065 and 181661.
59
Calculate the highest common divisor of 119301374 and 42348.
7058
Calculate the greatest common divisor of 661266 and 2754.
306
Calculate the greatest common factor of 41610 and 13867530.
570
Calculate the highest common divisor of 909818404 and 3586.
3586
Calculate the highest common divisor of 38475 and 12617425.
475
Calculate the greatest common divisor of 289440 and 420023.
67
Calculate the greatest common divisor of 54776282 and 22.
22
Calculate the highest common divisor of 594 and 2186877.
33
What is the greatest common divisor of 84193184 and 64?
32
Calculate the highest common divisor of 4369650 and 4.
2
What is the highest common divisor of 420 and 23537820?
60
Calculate the highest common divisor of 7560632 and 72.
8
What is the highest common factor of 21511006 and 14224?
254
What is the greatest common divisor of 6208 and 882118?
194
What is the highest common factor of 4486192 and 144?
16
Calculate the highest common factor of 2875 and 3089521.
23
Calculate the highest common divisor of 14950 and 604578.
598
What is the greatest common divisor of 958890 and 200?
10
What is the greatest common factor of 6116 and 9196?
44
What is the highest common factor of 252336 and 44058?
42
What is the greatest common factor of 188 and 30497689?
47
What is the greatest common divisor of 20 and 90312770?
10
Calculate the greatest common divisor of 474 and 28449559.
79
Calculate the greatest common divisor of 46 and 5693420.
46
What is the greatest common factor of 24464 and 5739866?
3058
What is the greatest common factor of 10523736 and 241530?
498
What is the greatest common divisor of 168425040 and 96?
48
What is the highest common factor of 7279216 and 134106?
1442
Calculate the greatest common divisor of 257722403 and 142.
71
What is the highest common factor of 2022898 and 1802?
34
Calculate the greatest common factor of 4749632 and 27824.
752
Calculate the highest common divisor of 45426345 and 75.
15
What is the highest common divisor of 88 and 22850256?
88
What is the greatest common factor of 35 and 378?
7
Calculate the greatest common factor of 404164 and 20676314.
2558
What is the highest common factor of 116 and 323234?
58
What is the highest common factor of 324 and 22474260?
324
Calculate the greatest common factor of 14707 and 2032261.
77
What is the greatest common factor of 274 and 35837008?
274
What is the greatest common factor of 816 and 32085664?
272
Calculate the greatest common factor of 780 and 272985648.
156
What is the greatest common factor of 49562 and 226?
2
What is the greatest common divisor of 73749 and 178347?
39
What is the highest common factor of 248 and 5761009?
31
What is the highest common factor of 70 and 1060587010?
70
What is the highest common divisor of 1121095 and 1235?
95
What is the greatest common factor of 448 and 180052544?
448
Calculate the greatest common factor of 15 and 49796469.
3
What is the highest common factor of 2271 and 40077851?
757
What is the highest common divisor of 24038577 and 8212?
2053
Calculate the greatest common divisor of 18 and 82834410.
6
What is the highest common factor of 29718 and 38376?
234
Calculate the greatest common factor of 357014484 and 1836.
612
Calculate the highest common divisor of 18677 and 153007.
19
What is the highest common factor of 12638130 and 8282?
202
What is the greatest common factor of 1316 and 98327572?
1316
What is the highest common factor of 210 and 1028190?
30
Calculate the highest common divisor of 908330 and 30790.
10
Calculate the highest common factor of 4186200 and 72.
24
What is the highest common divisor of 15666 and 314562836?
5222
What is the greatest common divisor of 185288 and 22004169?
1219
Calculate the highest common factor of 15615930 and 20.
10
What is the greatest common divisor of 9149640 and 12630?
30
What is the highest common divisor of 64721 and 31781?
61
Calculate the greatest common factor of 4257675 and 241380.
6705
What is the greatest common divisor of 85395 and 25185?
15
What is the greatest common factor of 660 and 83494455?
165
What is the highest common factor of 85 and 780280110?
85
Calculate the greatest common factor of 47666268 and 29952.
468
Calculate the highest common factor of 7737279 and 66.
33
What is the highest common divisor of 8804590 and 864762?
2854
What is the highest common factor of 26 and 5161663?
13
Calculate the highest common divisor of 80 and 2546624.
16
Calculate the highest common divisor of 1017925 and 1098675.
475
What is the greatest common divisor of 27999 and 1546533?
1647
What is the greatest common factor of 72826 and 14183?
13
What is the greatest common divisor of 85198433 and 58?
29
What is the highest common factor of 23358134 and 894?
298
What is the highest common factor of 4784 and 1778452?
1196
Calculate the highest common factor of 13772006 and 4913.
289
What is the highest common factor of 240 and 3037410?
30
Calculate the highest common factor of 10349 and 17004193.
131
Calculate the highest common divisor of 638713 and 1141046.
2273
What is the greatest common factor of 1589 and 9347633?
227
What is the highest common divisor of 2093477 and 361?
19
What is the highest common factor of 302180 and 3480?
580
What is the greatest common divisor of 10 and 76241880?
10
Calculate the highest common factor of 137490202 and 218.
218
Calculate the highest common factor of 3632664 and 34104.
1176
What is the highest common factor of 38229349 and 97?
97
Calculate the greatest common factor of 57105 and 371160.
45
Calculate the highest common factor of 630 and 964705.
35
Calculate the greatest common divisor of 5280 and 7689000.
1320
What is the greatest common divisor of 1